{"id":24,"date":"2025-02-20T05:28:38","date_gmt":"2025-02-20T05:28:38","guid":{"rendered":"https:\/\/www.celularesparatodos.com\/?post_type=product&#038;p=24"},"modified":"2025-11-30T00:51:39","modified_gmt":"2025-11-30T00:51:39","slug":"cable-de-carga-rapida-para-iphone-20w-con-cable-usb-c","status":"publish","type":"product","link":"https:\/\/www.celularesparatodos.com\/?product=cable-de-carga-rapida-para-iphone-20w-con-cable-usb-c","title":{"rendered":"Cargador de carga r\u00e1pida de 20w para iPhone con cable USB-C"},"content":{"rendered":"<ul class=\"a-unordered-list a-vertical a-spacing-mini\">\n<li class=\"a-spacing-mini\"><span class=\"a-list-item\">El adaptador r\u00e1pido PD de puerto USB-C de 20 W y cables de carga r\u00e1pida USB C de 10 pies, que pueden alcanzar hasta 3 veces m\u00e1s r\u00e1pido que el cargador original de 15 W. Es decir, cargar\u00e1 tu tel\u00e9fono 15\/16 hasta un 57% de energ\u00eda en solo 30 minutos, y solo tarda 1.8 horas en cargar tu tel\u00e9fono i completamente para ahorrar 1.5 horas m\u00e1s tiempo para usted<\/span><\/li>\n<li class=\"a-spacing-mini\"><span class=\"a-list-item\">Cable de carga r\u00e1pida de 10 pies: te da la flexibilidad de usar tu tel\u00e9fono\/almohadilla mientras cargas en la cama, en el sof\u00e1 o alrededor de la casa, sin sentarse directamente al lado de un tomacorriente de pared.<\/span><\/li>\n<li class=\"a-spacing-mini\"><span class=\"a-list-item\">Carga r\u00e1pida y eficiente: el sistema de seguridad de bloque de cargador de pared USB C a USB C de 20 W garantiza una protecci\u00f3n completa para tus dispositivos de carga. El cargador de pared certificado ETL incorpora protecci\u00f3n contra sobretensi\u00f3n, cuenta con un voltaje estable. Cable Lightning integrado con chip inteligente para que coincida con la corriente requerida por los dispositivos autom\u00e1ticamente para proteger tu tel\u00e9fono iPhone\/iPad de sobrecorriente, sobretensi\u00f3n, cortocircuito y sobrecalentamiento<\/span><\/li>\n<li class=\"a-spacing-mini\"><span class=\"a-list-item\">[Compatibilidad perfecta] Utiliza el cable de carga oficial de tel\u00e9fono con cargador de pared USB C de 20 W para acceder a la carga r\u00e1pida para tel\u00e9fono\/Android\/tel\u00e9fono\/Samsumg\/Pad.<\/span><\/li>\n<li class=\"a-spacing-mini\"><span class=\"a-list-item\">Lo que obtienes: paquete de 3 bloques de carga USB C de 20 W y cable USB-C y servicio al cliente amigable. No dudes en ponerte en contacto con nosotros y te comprometemos a resolver tus problemas en 24 horas.<\/span><\/li>\n<\/ul>\n","protected":false},"excerpt":{"rendered":"<p>El cargador USB-C es un adaptador de corriente dise\u00f1ado para cargar dispositivos compatibles con conexi\u00f3n USB-C, como smartphones, tablets y laptops. Ofrece carga r\u00e1pida, transferencia de datos eficiente y una conexi\u00f3n reversible para mayor comodidad.<\/p>\n","protected":false},"featured_media":25,"comment_status":"open","ping_status":"closed","template":"","meta":{"_kad_post_transparent":"default","_kad_post_title":"","_kad_post_layout":"default","_kad_post_sidebar_id":"","_kad_post_content_style":"default","_kad_post_vertical_padding":"default","_kad_post_feature":"","_kad_post_feature_position":"","_kad_post_header":false,"_kad_post_footer":false,"_kad_post_classname":""},"product_brand":[],"product_cat":[17],"product_tag":[18],"class_list":{"0":"post-24","1":"product","2":"type-product","3":"status-publish","4":"has-post-thumbnail","6":"product_cat-accesorios-para-celulares","7":"product_tag-nuevos","8":"pa_cable-lightning","9":"pa_cable-usb-c","11":"first","12":"outofstock","13":"sale","14":"taxable","15":"shipping-taxable","16":"purchasable","17":"product-type-variable","18":"entry","19":"content-bg","20":"loop-entry"},"_links":{"self":[{"href":"https:\/\/www.celularesparatodos.com\/index.php?rest_route=\/wp\/v2\/product\/24","targetHints":{"allow":["GET"]}}],"collection":[{"href":"https:\/\/www.celularesparatodos.com\/index.php?rest_route=\/wp\/v2\/product"}],"about":[{"href":"https:\/\/www.celularesparatodos.com\/index.php?rest_route=\/wp\/v2\/types\/product"}],"replies":[{"embeddable":true,"href":"https:\/\/www.celularesparatodos.com\/index.php?rest_route=%2Fwp%2Fv2%2Fcomments&post=24"}],"wp:featuredmedia":[{"embeddable":true,"href":"https:\/\/www.celularesparatodos.com\/index.php?rest_route=\/wp\/v2\/media\/25"}],"wp:attachment":[{"href":"https:\/\/www.celularesparatodos.com\/index.php?rest_route=%2Fwp%2Fv2%2Fmedia&parent=24"}],"wp:term":[{"taxonomy":"product_brand","embeddable":true,"href":"https:\/\/www.celularesparatodos.com\/index.php?rest_route=%2Fwp%2Fv2%2Fproduct_brand&post=24"},{"taxonomy":"product_cat","embeddable":true,"href":"https:\/\/www.celularesparatodos.com\/index.php?rest_route=%2Fwp%2Fv2%2Fproduct_cat&post=24"},{"taxonomy":"product_tag","embeddable":true,"href":"https:\/\/www.celularesparatodos.com\/index.php?rest_route=%2Fwp%2Fv2%2Fproduct_tag&post=24"}],"curies":[{"name":"wp","href":"https:\/\/api.w.org\/{rel}","templated":true}]}}